 416631652?
-416631644
In base 3, what is -1 - 1211000011112201?
-1211000011112202
In base 5, what is -140020021 - -2?
-140020014
In base 11, what is 6204124 - 0?
6204124
In base 9, what is 777180 + 13?
777203
In base 5, what is -201421414414 + -1?
-201421414420
In base 7, what is 660632360 + 5?
660632365
In base 6, what is -15435 + 213011?
153132
In base 3, what is -11102100 - 1001?
-11110101
In base 7, what is 1126154000 + -3?
1126153664
In base 11, what is -106099258 - 0?
-106099258
In base 8, what is -2132 - -22157?
20025
In base 11, what is 13a + -128109?
-127a7a
In base 5, what is 1040244 + -102413?
432331
In base 4, what is 233 + 21200020?
21200313
In base 5, what is -4 - -422030434?
422030430
In base 4, what is -3330223113 + 123?
-3330222330
In base 14, what is 3 - 375d21?
-375d1c
In base 13, what is 213c9c2 + -1?
213c9c1
In base 14, what is -1c7d - c930?
-107ad
In base 13, what is -21b2c - 5?
-21b34
In base 7, what is -20313255 - -5?
-20313250
In base 16, what is -72 + -6eea3?
-6ef15
In base 8, what is -4 + 44442277?
44442273
In base 7, what is -11306 - 252011?
-263320
In base 2, what is 10110001100111101 + -110010101011?
10101011010010010
In base 14, what is 0 + 61acc51?
61acc51
In base 15, what is 262 + -36?
22b
In base 13, what is 4817 - -13c4?
5c0b
In base 2, what is -1111100100 + 1111100000110?
1101100100010
In base 11, what is 0 - -5110a5?
5110a5
In base 15, what is 109 - 1b8d8?
-1b7ce
In base 14, what is -7b1 - 9b421?
-9bbd2
In base 5, what is -400 + -1330223243?
-1330224143
In base 11, what is -10 + 385263?
385253
In base 3, what is 12 + 1102222212110100?
1102222212110112
In base 2, what is -11101100010 + -1010110101111111?
-1011010011100001
In base 16, what is 35b5 - -363?
3918
In base 13, what is -1 + 124a79c?
124a79b
In base 15, what is 527044 - 2?
527042
In base 3, what is 11221001021002122 + 1?
11221001021002200
In base 8, what is -22 + 2141165?
2141143
In base 10, what is -12231844 + -2?
-12231846
In base 11, what is 40785 + -11a14?
29871
In base 9, what is -3668 + -1815?
-5584
In base 11, what is 4 + -76544154?
-76544150
In base 16, what is -f + 54bac4?
54bab5
In base 16, what is -9c9c70 + 0?
-9c9c70
In base 4, what is -23 - 30130001202?
-30130001231
In base 15, what is 3a12a - 3a?
3a0e0
In base 7, what is 4020134 - -44?
4020211
In base 15, what is 2a + 37ca8?
37cd3
In base 16, what is 15f6 + -5f4?
1002
In base 14, what is -2b - 46122?
-4614d
In base 16, what is -5455 + -25f?
-56b4
In base 10, what is -3946763 + 0?
-3946763
In base 3, what is 2 + 101012020100222?
101012020101001
In base 8, what is -13316 - 372634?
-406152
In base 3, what is 210 - -2212001111220?
2212001112200
In base 11, what is -4991 + -214a?
-7030
In base 4, what is 10 + -1011202333312?
-1011202333302
In base 13, what is -6594c - 5?
-65954
In base 12, what is -2 - 11090aab?
-11090ab1
In base 6, what is 255 + -34403203?
-34402504
In base 13, what is 12169 + -3b8?
11a81
In base 13, what is -376179 - 191?
-37633a
In base 5, what is 31442020 + -213?
31441302
In base 14, what is -8d + 3b3a83?
3b39d4
In base 8, what is 14 - -1143330?
1143344
In base 4, what is 11 + 1323210021?
1323210032
In base 10, what is 1511 - 13646?
-12135
In base 6, what is 11212130134 + -5?
11212130125
In base 5, what is -232 + 1011141211?
1011140424
In base 9, what is 2353778 - 2?
2353776
In base 2, what is -11111111011111011101 + -1101?
-11111111011111101010
In base 16, what is -175 + e08?
c93
In base 12, what is 9197 - 120?
9077
In base 6, what is -15102105042 + 1?
-15102105041
In base 15, what is 101 + -13184?
-13083
In base 10, what is 0 - -1534455?
1534455
In base 4, what is -1020300 + 3231?
-1011003
In base 8, what is 40742642 + 2?
40742644
In base 3, what is -201110022 - 1001021?
-202111120
In base 13, what is 25079 - -53?
250cc
In base 15, what is 899 + a23?
13bc
In base 6, what is -1132523425 - -2?
-1132523423
In base 5, what is -323203143240 - 2?
-323203143242
In base 2, what is -101 - 10001101011000101110?
-10001101011000110011
In base 13, what is 142672 - 5?
14266a
In base 8, what is 2460 + 73313?
75773
In base 3, what is -111002201002 + -2012120?
-111011220122
In base 16, what is -b0 + 3d650?
3d5a0
In base 5, what is 22340 + -2140223?
-2112333
In base 12, what is 10b0b2 - 9?
10b0a5
In base 16, what is 15 - -5de05?
5de1a
In base 3, what is -1 - -10212012121001?
10212012121000
In base 8, what is -2055 - -125645?
123570
In base 5, what is 422 - -313040043?
313041020
In base 7, what is 13441 - -460?
14231
In base 13, what is 918677 + 3?
91867a
In base 11, what is 1849 - -2210?
3a59
In base 7, what is -22314 - 3531?
-26145
In base 4, what is -312 + -112213113301?
-112213120213
In base 11, what is -109a159 + 154?
-109a005
In base 10, what is -2989215 + 6?
-2989209
In base 4, what is 3 + -122212322311?
-122212322302
In base 2, what is -101 + -11001011101010100101011?
-11001011101010100110000
In base 7, what is -412466552 + 3?
-412466546
In base 13, what is -8843a - -57?
-883b3
In base 16, what is -350ac + -100?
-351ac
In base 13, what is 4aac3b + -7?
4aac34
In base 5, what is 241044301 - 22?
241044224
In base 3, what is -1002012100102100 - 1?
-1002012100102101
In base 8, what is 30630704 + -3?
30630701
In base 8, what is 5444 - -50377?
56043
In base 11, what is 4909a8 - a?
490999
In base 4, what is -33201 + -13323301?
-20023102
In base 6, what is -2044 - -530531?
524443
In base 11, what is -2412 - 19454?
-20866
In base 12, what is 6a2608 + -71?
6a2557
In base 7, what is -244640454 - -5?
-244640446
In base 15, what is 1a90b - -7d?
1a989
In base 4, what is 3002031 - 1000202?
2001223
In base 14, what is -122a3 + -b0?
-12373
In base 4, what is -2 + 133333122300?
133333122232
In base 5, what is -120 - 24112002122?
-24112002242
In base 9, what is 10043 + -178?
8754
In base 2, what is -1100101 + 1011100010111101?
1011100001011000
In base 13, what is 27b3 - -84a?
3330
In base 10, what is 987 - -277294?
278281
In base 3, what is -112010211121 - 2022020?
-112020010211
In base 14, what is d08 - -1d3?
10db
In base 11, what is -88316 + -10a?
-88425
In base 3, what is -1222 + -100210212022120?
-100210212101112
In base 13, what is 103b2 + -c72?
c440
In base 12, what is 1231b972 - 8?
1231b966
In base 9, what is 87 + 2606455?
2606553
In base 6, what is 113312 - 25?
113243
In base 6, what is 3 - 410010101?
-410010054
In base 8, what is -1367514034 - -1?
-1367514033
In base 9, what is 10 - 1222078?
-1222068
In base 16, what is 300 - ae3a?
-ab3a
In base 7, what is -114334 - -2120?
-112214
In base 7, what is -3 + -20040665?
-20041001
In base 15, what is -132d7 - -14b2?
-11d25
In base 10, what is 70617 - -719?
71336
In base 3, what is 1102110120010 - 12?
1102110112221
In base 2, what is -100110000001000011 + 11101110?
-100101111101010101
In base 9, what is 0 + -256385127?
-256385127
In base 10, what is -22 - -34634592?
34634570
In base 15, what is -5c914 - 17?
-5c92b
In base 5, what is 4422244 - -31132?
10003431
In base 11, what is 866a68815 - 0?
866a68815
In base 8, what is -10024250 - 102?
-10024352
In base 4, what is 231033010011 - 3?
231033010002
In base 12, what is a14031 - 118?
a13b15
In base 4, what is -111103330201 - -10?
-111103330131
In base 16, what is -12d + -4e9d?
-4fca
In base 10, what is 9252 + 7805?
17057
In base 5, what is -32210130 + 12?
-32210113
In base 3, what is 1200200 + 210220120112?
210222021012
In base 14, what is -1c - -673132?
673114
In base 8, what is 360 - -65742?
66322
In base 2, what is 101000010111011111111100 - 0?
101000010111011111111100
In base 2, what is 101000100011000010001 - 1000110?
101000100010111001011
In base 4, what is 10203 - 10313203?
-10303000
In base 7, what is 1060 + -254633?
-253543
In base 4, what is -13 - 2123030023331?
-2123030030010
In base 15, what is -7580c - 5a?
-75867
In base 2, what is -101110110000001 - 10011001101?
-110001001001110
In base 3, what is 211012201012 + -220212?
211011210100
In base 3, what is -101002211011 + 102?
-101002210202
In base 12, what is -7 + -1052766?
-1052771
In base 10, what is 20 - -448379?
448399
In base 12, what is -4 - -16a87b00?
16a87ab8
In base 6, what is 13451 + 5513154?
5531045
In base 16, what is -189a9f - -5?
-189a9a
In base 13, what is -1045b23 + -4?
-1045b27
In base 11, what is -20947015 + -1a?
-